se l - 978 = -r*l. Let o = l - 30. What is the hundreds digit of o?
1
What is the hundreds digit of (-148)/(-740) - 79558/(-10)?
9
Let b be (-80)/(-25)*(-5)/(-2)*3. Suppose d + 4*g = 5*g + 16, -4*d - 4*g + b = 0. What is the units digit of d?
1
Let y = 30451 + -17473. What is the units digit of y?
8
Let c be (-27 - 1)/(13 + 18487/(-1421)). Suppose 4*r - c = 1594. What is the units digit of r?
9
Let y(v) = -947*v + 10949. What is the hundreds digit of y(-26)?
5
Let g(b) = 17*b**2 + 4*b - 4. Let j be g(1). Let u = 429 + j. What is the units digit of u?
6
Let a(l) = -16*l**3 + 3 + 17*l**3 - l + 7. Let b be a(0). What is the tens digit of b/3*(0 - -33)?
1
Let v(r) = 2*r**2 + 13*r. Let n(g) = -g**2 - 14*g. Let x(z) = -3*n(z) - 2*v(z). Let k be x(16). Let w(t) = t**2 + t + 31. What is the tens digit of w(k)?
3
What is the thousands digit of -6*(-1 + 3322*(-7)/84)?
1
Suppose -g = -0*g - 4. Suppose 187 = 2*z - g*l - 817, 4*z + 2*l - 2028 = 0. What is the tens digit of z?
0
Let c be (-1 - 3 - -1) + 3. Let x(s) = -s + 23. Let u be x(-14). Let i = c + u. What is the units digit of i?
7
Let t(h) = h**2 + 21*h + 52. Let y be t(-18). Let v be -4 + (-3)/6*260*y. Suppose 4*d - v = 152. What is the units digit of d?
2
Let x be ((-2)/(-6))/(8/59424*-4). Let i = x - -1787. What is the thousands digit of i?
1
Suppose 6484 + 23051 = 17*l - 12*l. What is the hundreds digit of l?
9
Suppose 13*k - 2951 = 2860. What is the hundreds digit of k?
4
Suppose 75 = 3*z - t - 132, 0 = 4*t. Suppose -1129*b + 1130*b = z. What is the tens digit of b?
6
Suppose 40*i = 38*i + 2088. Suppose m + 25*k - i = 29*k, -4*m - 2*k = -4194. What is the units digit of m?
8
Suppose 3*a - 605 = 295. Let j = a + -99. Suppose j = 5*n + v, 3*v - 111 = -5*n + 2*n. What is the units digit of n?
1
Let y(h) be the first derivative of -14 + 8*h**2 + 2*h**2 + 38*h - 12*h**2 + 18*h. What is the units digit of y(0)?
6
Let s(x) = 2*x - 3. Let o be s(1). Let m be o - 3 - -7*6/6. Suppose -m*k = -3*v - 384, 5*k + 0*k = -2*v + 675. What is the units digit of k?
3
Let y(a) be the first derivative of 53*a**4/4 + a**3/3 + a**2/2 + 3*a - 27. What is the hundreds digit of y(2)?
4
Suppose 0 = 2*n + 5*z - 77188, 2*n + z - 8904 = 68252. What is the units digit of n?
4
Let g(r) = -816*r - 214. Let n be g(-10). Suppose 3*w - 4767 = 2*m, 3*m + n = -57*w + 62*w. What is the thousands digit of w?
1
Let g = 72 + -67. Suppose 67*u = 69*u + 438. What is the units digit of u/(-9)*3 - g?
8
Suppose -2*j + 2*i = -52, i - 130 = -5*j + 2*i. Let l = 92 - j. Suppose 35*c + l = 36*c. What is the tens digit of c?
6
What is the hundreds digit of (-1*2)/((15 + -22)/6083)?
7
Let m = 2995 - 1583. Suppose -4*n = 4*x - m, 0 = -2*x - 0*x - 3*n + 706. What is the units digit of x?
3
Let p(d) = 3*d + 10. Let t be (2/2 + (-20)/16)*-12. Let j be p(t). What is the tens digit of j/(3/2 + -1)?
3
What is the ten thousands digit of ((-268)/16 + 15)*-1*6332?
1
Let y = 1786 + -439. Suppose -3*m - 6*q = -2*q - y, -3*q = -2*m + 915. What is the units digit of m?
3
Let w = 346 + -382. What is the units digit of (-1 + (1 - -47))/(-3)*w?
4
Let r(w) = -w**3 + 5*w**2 + 11*w + 8. Let c = -6 + 8. Suppose -c*l + 21 = -0*l - 3*a, 0 = l - 4*a - 18. What is the tens digit of r(l)?
3
Let h = 3 - 1. Suppose 0 = h*q + q - 9. Suppose -o = q*a + 4*o - 234, -4*o = a - 85. What is the tens digit of a?
7
Let x(c) = -161*c - 13. Let k be x(-3). Suppose 5*g + 60 = k. What is the tens digit of 3 - (g/(-6) + 4/6)?
1
Let s(v) = -116 + 65*v**2 + 116 + 2*v. What is the hundreds digit of s(-3)?
5
Let p = 6817 + 16728. What is the tens digit of p?
4
Suppose m - 2*u = -231 + 773, -4 = -4*u. Let g(p) = -2*p - 5. Let f be g(-7). Suppose 0 = -h + f*h - m. What is the tens digit of h?
6
Let z be -3*(-65)/45 - (-2)/(-6). Suppose -437 = -z*a + 167. What is the tens digit of a?
5
Suppose 139*b + 155705 = 144*b + 5*k, -5*b + 2*k + 155747 = 0. What is the units digit of b?
7
Suppose p = 34 + 12. Let x = p - 44. Suppose 6 = -y + 3*z, x*y + 2*z - 14 = y. What is the units digit of y?
6
Let h = -2334 + 7893. What is the thousands digit of h?
5
Let w be (-14)/(-4) - 4/(-16)*2. Suppose -156*h + 155*h + 16 = 0. Suppose -h*n + 11*n = t - 1221, 0 = w*n - 4*t - 972. What is the units digit of n?
4
Let u be -18*(13/(-13) - (-5)/(-3)). Let k = u + 29. What is the units digit of (5 - k/14)/(1/(-138))?
9
Let c be 0*((-2)/2)/(4 - 2). Suppose c = 97*u - 93*u - 1108. What is the units digit of u?
7
Let c = 723 + 2633. Suppose -2*k = -5*q - 548 - 782, 0 = 5*k + 3*q - c. What is the hundreds digit of k?
6
Suppose 170*m + 8820 = 163*m. Let l = -658 - m. What is the hundreds digit of l?
6
Suppose 50*w - 8*w - 1206076 = -180478. What is the units digit of w?
9
Let g = 76 - 145. Let c = g + 68. What is the units digit of ((0 - -27) + c)*(-41 - -43)?
2
Let u = -19 - -15. Let o(m) = -56*m + 19. What is the units digit of o(u)?
3
Suppose -8843*h - 323466 = -8869*h. What is the units digit of h?
1
Let f = -220 + 226. Suppose -f*b + 3*h + 1713 = -3*b, -5*b = -h - 2855. What is the tens digit of b?
7
Let l(g) = -11*g + 11. Let v be l(1). Suppose 4*c = -v*p - p + 259, 4*p - 3*c - 979 = 0. What is the units digit of p?
7
Let g = -34201 + 66803. What is the ten thousands digit of g?
3
Let j(x) = 5*x**2 - 10*x - 10. Suppose -5*k - 5 = -2*z, -2*z - 5*k + 15 = -0*z. Let a be j(z). What is the units digit of a - (6 + 3)/3?
2
Let t(z) = 5*z**3 - 8*z**2 + 8*z + 31. Let l(d) = -6*d**3 + 11*d**2 - 7*d - 30. Let m(g) = -4*l(g) - 5*t(g). What is the units digit of m(-8)?
7
Let p(q) = q**2 + 5*q + 6. Let l be p(8). Let u = -105 + l. Suppose -638 = -7*m + 2*m - 2*b, 0 = u*m + 5*b - 635. What is the units digit of m?
8
Let f be 3/((-36)/(-8) + -3). Let d(v) = 97*v**2 - 6*v + 7. What is the units digit of d(f)?
3
Let v be ((-204456)/(-224))/(2/8). Suppose 2*c - 1462 = -2*p, -19*p + 22*p - v = -5*c. What is the tens digit of c?
2
Suppose -259967 = 124*k - 2108187. What is the hundreds digit of k?
9
Let i = 2214 + 5432. What is the hundreds digit of i?
6
Suppose 85*a = 212*a + 50*a - 3348486. What is the thousands digit of a?
8
Let f = -48133 - -118448. What is the tens digit of f?
1
Let v(z) = 8*z - 4. Let l be v(-7). Let p be 4/(-18) + (-2398)/(-18). Let b = l + p. What is the tens digit of b?
7
Suppose 3*r - 511 = -4*r. Let f = -68 + r. Suppose c = 4, 4*t = f*c - 2*c + 300. What is the units digit of t?
8
Suppose 1996 = 4*a + 17*a - 10814. What is the units digit of a?
0
Let m = 44 - -49. Suppose -315 - m = -8*u. Suppose 10*s = u + 399. What is the units digit of s?
5
Let f(j) = 10*j + 1. Suppose -10 = -2*d - 3*d. Suppose 5*p - 3 = d*p. What is the units digit of f(p)?
1
Let c(j) = -17*j**3 - 35 - 2*j - 37 + 75. What is the units digit of c(-3)?
8
Let h(t) = t + 18. Let n be h(7). Suppose 21 = -z + 3*w, -4*w = 5*z - 3*w + n. Let c(k) = -2*k**3 - 5*k**2 + k - 18. What is the tens digit of c(z)?
2
Let s(u) = -u**3 - 15*u**2 - 15*u - 5. Let n be s(-13). Let o = n - -302. What is the tens digit of o?
5
Suppose -94*u + 3*s + 91801 = -89*u, -u - 5*s = -18349. What is the units digit of u?
9
Let x(i) = -i**3 + 78*i**2 - 54*i + 293. What is the hundreds digit of x(42)?
5
Let l(r) be the second derivative of -251*r**3/3 + 10*r**2 - 200*r. What is the hundreds digit of l(-2)?
0
Let n = 3736 + 26800. What is the hundreds digit of n?
5
Let u(g) = 2*g**2 + 15*g + 10. Suppose 2*r - 146 = -42. Let d = 42 - r. What is the units digit of u(d)?
0
Suppose 2*l = -2*l + 4*h - 28, 4*h = 3*l + 25. Let x(v) = -4*v - 12. Let s be x(l). Suppose 2*z + 2*n = 92, 4*z + s*z = 2*n + 160. What is the tens digit of z?
4
Suppose -357656 + 3314500 = 268*g. What is the thousands digit of g?
1
Let j(o) = 2*o**2 + 195*o + 179. What is the thousands digit of j(77)?
7
Suppose 39 = -x + 3*k + 616, 0 = 5*x - 3*k - 2945. Let r = 47 + x. What is the units digit of r?
9
Let r(x) = -3*x**3 - x**2 + x + 1239. Let n be r(0). Let a = -683 + n. What is the units digit of a?
6
Suppose t + 3 + 5 = 3*b, -24 = -5*b - t. Suppose -496 = b*f - 5*f + 3*q, 3*f = 5*q + 1488. What is the hundreds digit of f?
4
Suppose 85187 = 93*j - 47896. What is the thousands digit of j?
1
Let s(h) = 14429*h - 208. What is the tens digit of s(1)?
2
What is the thousands digit of 7509/((-15)/3 - -6)?
7
Let